{"id":359,"date":"2014-11-05T20:13:18","date_gmt":"2014-11-05T18:13:18","guid":{"rendered":"http:\/\/norumsgarde.com\/?page_id=359"},"modified":"2023-10-14T12:11:06","modified_gmt":"2023-10-14T10:11:06","slug":"arsmoten","status":"publish","type":"page","link":"https:\/\/norumsgarde.com\/?page_id=359","title":{"rendered":"\u00c5rsm\u00f6ten"},"content":{"rendered":"<h2>\u00c5rsm\u00f6ten<\/h2>\n<p>En g\u00e5ng per \u00e5r (Under Maj) h\u00e5lls ett \u00e5rsm\u00f6te d\u00e4r medlemmar bjuds in\u00a0f\u00f6r att ta del av vad som skett under det senaste \u00e5ret, ta eventuella st\u00f6rre beslut om framtida investeringar samt\u00a0v\u00e4lja styrelsemedlemmar som skall under ett \u00e5rs tid ta beslut kring v\u00e5rt omr\u00e5de och arbeta f\u00f6r att underh\u00e5lla v\u00e5ra gemensamma anl\u00e4ggningar.<\/p>\n<p>Medlemmar kan \u00e4ven l\u00e4mna in motioner inf\u00f6r st\u00e4mman (senast sista mars) som d\u00e5 tas upp p\u00e5 st\u00e4mmodagen\u00a0och d\u00e4r man kan r\u00f6sta f\u00f6r eller emot ett s\u00e5dant framlagt f\u00f6rslag, eller om man v\u00e4ljer att bereda fr\u00e5gan ytterligare f\u00f6r senare beslut.<\/p>\n<p>Det \u00e4r viktigt att alla medlemmar deltar p\u00e5 st\u00e4mman f\u00f6r att ha en s\u00e5 bra inblick som m\u00f6jligt kring det ekonomiska l\u00e4get, kring framtida investeringar samt p\u00e5g\u00e5ende underh\u00e5ll.<\/p>\n<h4>St\u00e4mmoprotokoll<\/h4>\n<p><a href=\"http:\/\/norumsgarde.com\/wp-content\/uploads\/2014\/11\/Arsmoteprotokoll-2006.pdf\">Arsmoteprotokoll_2006<\/a><\/p>\n<p><a href=\"http:\/\/norumsgarde.com\/wp-content\/uploads\/2014\/11\/--rsmoetes-protokoll-2007.pdf\">\u00c5rsm\u00f6tes_protokoll_2007<\/a><\/p>\n<p><a href=\"http:\/\/norumsgarde.com\/wp-content\/uploads\/2014\/11\/--rsmoetes-protokoll-2008-05.doc\">\u00c5rsm\u00f6tes protokoll 2008-05<\/a><\/p>\n<p><a href=\"http:\/\/norumsgarde.com\/wp-content\/uploads\/2014\/11\/--rsmoetes-protokoll-2009-05.doc\">\u00c5rsm\u00f6tes protokoll 2009-05<\/a><\/p>\n<p><a href=\"http:\/\/norumsgarde.com\/wp-content\/uploads\/2014\/11\/--rsmoetes-protokoll-2010-05.pdf\">\u00c5rsm\u00f6tes protokoll 2010-05<\/a><\/p>\n<p><a href=\"http:\/\/norumsgarde.com\/wp-content\/uploads\/2014\/11\/--rsmoetes-protokoll-2011-05.pdf\">\u00c5rsm\u00f6tes protokoll 2011-05<\/a><\/p>\n<p><a href=\"http:\/\/norumsgarde.com\/wp-content\/uploads\/2014\/11\/--rsmoetes-protokoll-2012-05.doc\">\u00c5rsm\u00f6tes protokoll 2012-05<\/a><\/p>\n<p><a href=\"http:\/\/norumsgarde.com\/wp-content\/uploads\/2014\/11\/--rsmoetes-protokoll-2013-05.pdf\">\u00c5rsm\u00f6tes protokoll 2013-05<\/a><\/p>\n<p><a href=\"http:\/\/norumsgarde.com\/wp-content\/uploads\/2014\/11\/--rsmoetes-protokoll-2014-05.pdf\">\u00c5rsm\u00f6tes protokoll 2014-05<\/a><\/p>\n<p><a href=\"http:\/\/norumsgarde.com\/wp-content\/uploads\/2018\/04\/--rsmoetes-protokoll-2015-05-v.0.1.doc\">\u00c5rsm\u00f6tes protokoll 2015-05 v.0.1<\/a><\/p>\n<p><a href=\"http:\/\/norumsgarde.com\/wp-content\/uploads\/2018\/04\/--rsmoetes-protokoll-2016-05-v.0.1.doc\">\u00c5rsm\u00f6tes protokoll 2016-05 v.0.1<\/a><\/p>\n<p><a href=\"http:\/\/norumsgarde.com\/wp-content\/uploads\/2018\/04\/--rsmoetes-protokoll-2017-05-v.0.1.doc\">\u00c5rsm\u00f6tes protokoll 2017-05 v.0.1<\/a><\/p>\n<p><a href=\"http:\/\/norumsgarde.com\/wp-content\/uploads\/2018\/06\/--rsmoetes-protokoll-2018-05-v.0.1.doc\">\u00c5rsm\u00f6tes protokoll 2018-05 v.0.1<\/a><\/p>\n","protected":false},"excerpt":{"rendered":"<p>\u00c5rsm\u00f6ten En g\u00e5ng per \u00e5r (Under Maj) h\u00e5lls ett \u00e5rsm\u00f6te d\u00e4r medlemmar bjuds in\u00a0f\u00f6r att ta del av vad som skett under det senaste \u00e5ret, ta eventuella st\u00f6rre beslut om framtida investeringar samt\u00a0v\u00e4lja styrelsemedlemmar som skall under ett \u00e5rs tid ta beslut kring v\u00e5rt omr\u00e5de och arbeta f\u00f6r att underh\u00e5lla [&hellip;]<\/p>\n","protected":false},"author":2,"featured_media":0,"parent":0,"menu_order":0,"comment_status":"closed","ping_status":"open","template":"","meta":{"footnotes":""},"class_list":["post-359","page","type-page","status-publish","hentry"],"_links":{"self":[{"href":"https:\/\/norumsgarde.com\/index.php?rest_route=\/wp\/v2\/pages\/359","targetHints":{"allow":["GET"]}}],"collection":[{"href":"https:\/\/norumsgarde.com\/index.php?rest_route=\/wp\/v2\/pages"}],"about":[{"href":"https:\/\/norumsgarde.com\/index.php?rest_route=\/wp\/v2\/types\/page"}],"author":[{"embeddable":true,"href":"https:\/\/norumsgarde.com\/index.php?rest_route=\/wp\/v2\/users\/2"}],"replies":[{"embeddable":true,"href":"https:\/\/norumsgarde.com\/index.php?rest_route=%2Fwp%2Fv2%2Fcomments&post=359"}],"version-history":[{"count":4,"href":"https:\/\/norumsgarde.com\/index.php?rest_route=\/wp\/v2\/pages\/359\/revisions"}],"predecessor-version":[{"id":562,"href":"https:\/\/norumsgarde.com\/index.php?rest_route=\/wp\/v2\/pages\/359\/revisions\/562"}],"wp:attachment":[{"href":"https:\/\/norumsgarde.com\/index.php?rest_route=%2Fwp%2Fv2%2Fmedia&parent=359"}],"curies":[{"name":"wp","href":"https:\/\/api.w.org\/{rel}","templated":true}]}}