{"id":151,"date":"2013-08-23T14:38:31","date_gmt":"2013-08-23T12:38:31","guid":{"rendered":"http:\/\/norumsgarde.com\/?page_id=151"},"modified":"2023-10-14T12:22:55","modified_gmt":"2023-10-14T10:22:55","slug":"kostnaderavgifter","status":"publish","type":"page","link":"https:\/\/norumsgarde.com\/?page_id=151","title":{"rendered":"Kostnader\/avgifter"},"content":{"rendered":"<h3><span style=\"color: #f6343e;\">Kostnader\/avgifter<\/span><\/h3>\n<p>F\u00f6r att kunna sk\u00f6ta och driva f\u00f6reningens gemensamhetsanl\u00e4ggning tar samf\u00e4llighetsf\u00f6reningen ut en medlemsavgift. Storleken p\u00e5 denna avgift och \u00f6vrig budget f\u00f6r samf\u00e4llighetsf\u00f6reningen fastst\u00e4lls p\u00e5 \u00e5rsst\u00e4mman. Medlemmarna debiteras en m\u00e5nadskostnad i vilken det ing\u00e5r medlemsavgift och \u00e1-contobetalning f\u00f6r bl.a vatten- och v\u00e4rmekostnaderna. F\u00f6reningens bankgiro nr \u00e4r Bg: 342-1559<\/p>\n<p>Varje \u00e5r g\u00f6rs en avr\u00e4kning och medlemmarnas eventuella \u00e5terb\u00e4ring eller till\u00e4gsinbetalning redovisas senast i april m\u00e5nad. I avr\u00e4kningen ing\u00e5r f\u00f6ljande.<\/p>\n<p><strong>Medlemsavgift \u00a0<\/strong><\/p>\n<p>V\u00e4rme &#8211; Hela omr\u00e5dets v\u00e4rmef\u00f6rbrukning debiteras f\u00f6reningen p\u00e5 en r\u00e4kning. F\u00f6rdelningen mellan radhusen sker beroende p\u00e5 bostadsytans storlek.<\/p>\n<p>Vatten &#8211; Varje radhusl\u00e4nga har sin egen vattenm\u00e4tare och hela l\u00e4ngans f\u00f6rbrukning debiteras f\u00f6ljdaktligen f\u00f6reningen p\u00e5 en r\u00e4kning. F\u00f6rdelningen sker lika mellan antalet radhus inom l\u00e4ngan (om ej egna vattenm\u00e4tare installerats).<\/p>\n<p>Soph\u00e4mtning &#8211; Alla delar lika p\u00e5 den gemensamma kostnaden som debiteras f\u00f6reningen.<\/p>\n<p>Kabel-TV &#8211; Alla delar lika p\u00e5 den gemensamma kostnaden som debiteras f\u00f6reningen.<\/p>\n<p>Garage-EL &#8211; Alla delar lika p\u00e5 den gemensamma kostnaden som debiteras f\u00f6reningen.<\/p>\n<p>Bredband &#8211; Alla delar p\u00e5 den gemensamma kostnaden som debiteras f\u00f6reningen.<\/p>\n<p>Betalningsdag: 28:e varje m\u00e5nad<\/p>\n<p>M\u00e5nadskostnad: 3 000:-<\/p>\n<p>M\u00e5nadskostnad gavelhus: 3 300:-<\/p>\n<p>\u00d6vriga driftskostnader, t.ex. hush\u00e5lls-el och f\u00f6rs\u00e4kring betalas av fastighets\u00e4garen sj\u00e4lv.<\/p>\n<p>IP-telefoni: 79:- \/ m\u00e5nad eller 49:- \/ m\u00e5nad. Se info <a title=\"Bredband\" href=\"http:\/\/norumsgarde.com\/bredband\/\">h\u00e4r<\/a>.<\/p>\n","protected":false},"excerpt":{"rendered":"<p>Kostnader\/avgifter F\u00f6r att kunna sk\u00f6ta och driva f\u00f6reningens gemensamhetsanl\u00e4ggning tar samf\u00e4llighetsf\u00f6reningen ut en medlemsavgift. Storleken p\u00e5 denna avgift och \u00f6vrig budget f\u00f6r samf\u00e4llighetsf\u00f6reningen fastst\u00e4lls p\u00e5 \u00e5rsst\u00e4mman. Medlemmarna debiteras en m\u00e5nadskostnad i vilken det ing\u00e5r medlemsavgift och \u00e1-contobetalning f\u00f6r bl.a vatten- och v\u00e4rmekostnaderna. F\u00f6reningens bankgiro nr \u00e4r Bg: 342-1559 Varje \u00e5r [&hellip;]<\/p>\n","protected":false},"author":2,"featured_media":0,"parent":0,"menu_order":0,"comment_status":"closed","ping_status":"open","template":"","meta":{"footnotes":""},"class_list":["post-151","page","type-page","status-publish","hentry"],"_links":{"self":[{"href":"https:\/\/norumsgarde.com\/index.php?rest_route=\/wp\/v2\/pages\/151","targetHints":{"allow":["GET"]}}],"collection":[{"href":"https:\/\/norumsgarde.com\/index.php?rest_route=\/wp\/v2\/pages"}],"about":[{"href":"https:\/\/norumsgarde.com\/index.php?rest_route=\/wp\/v2\/types\/page"}],"author":[{"embeddable":true,"href":"https:\/\/norumsgarde.com\/index.php?rest_route=\/wp\/v2\/users\/2"}],"replies":[{"embeddable":true,"href":"https:\/\/norumsgarde.com\/index.php?rest_route=%2Fwp%2Fv2%2Fcomments&post=151"}],"version-history":[{"count":5,"href":"https:\/\/norumsgarde.com\/index.php?rest_route=\/wp\/v2\/pages\/151\/revisions"}],"predecessor-version":[{"id":574,"href":"https:\/\/norumsgarde.com\/index.php?rest_route=\/wp\/v2\/pages\/151\/revisions\/574"}],"wp:attachment":[{"href":"https:\/\/norumsgarde.com\/index.php?rest_route=%2Fwp%2Fv2%2Fmedia&parent=151"}],"curies":[{"name":"wp","href":"https:\/\/api.w.org\/{rel}","templated":true}]}}