{"id":133,"date":"2013-08-23T12:52:08","date_gmt":"2013-08-23T10:52:08","guid":{"rendered":"http:\/\/norumsgarde.com\/?page_id=133"},"modified":"2023-10-14T12:11:45","modified_gmt":"2023-10-14T10:11:45","slug":"bredband","status":"publish","type":"page","link":"https:\/\/norumsgarde.com\/?page_id=133","title":{"rendered":"Bredband"},"content":{"rendered":"<h2><span style=\"color: #f6343e;\">Bredband<\/span><\/h2>\n<p>190 l\u00e4genheter har nu m\u00f6jlighet att surfa p\u00e5 internet med en hastighet upp till 100Mbit\/s! N\u00e4tets topologi \u00e4r fiberkabel mellan de 12 noderna (1 nod \/ 2 turer) och d\u00e4rifr\u00e5n kopparkabel kategori 5 fram till slutanv\u00e4ndare. Uttagen har placerats intill f\u00f6rsta telejack (hallen ing\u00e5ngsplan). En s.k VRG eller IP-dosa har monterats f\u00f6r att kunna ge tillg\u00e5ng till IP-telefoni.<\/p>\n<p>Installation av fiber och aktiv utrustning: Optotech AB<\/p>\n<p><strong>Aktiv utrustning<br \/>\n<\/strong>Fiberpanel, fabrikat ECS<br \/>\nPatchpanel fabrikat ECS<br \/>\nHP Pro Curve 2524, fabrikat HP<br \/>\nOptiSwitxh NH-3004, fabrikat MRV<br \/>\nTransientskydd<br \/>\nEM2003-8LC, fabrikat MRV<\/p>\n<p><strong>BREDBAND<br \/>\n<\/strong>Bredbandsleverant\u00f6r: Alltele<br \/>\nUppkopplings hastighet: Fastigheten: Nedstr\u00f6ms 100 Mbit\/s &#8211; Uppstr\u00f6ms 10 Mbit\/s. Levererat till omr\u00e5det: 1Gbit\/s<br \/>\nEgen IP adress: Ja<br \/>\nBredbandskostnad:\u00a0ing\u00e5r i m\u00e5nadshyran f\u00f6r samtliga medlemmar (ca 87:- f\u00f6r 100Mbit\/s)<br \/>\nFelanm\u00e4lan bredband: 0910-79 80 00<br \/>\nFramtid: Den aktiva utrustningen klarar 100Mbit\/s<\/p>\n<p><strong>IP-TELEFONI<\/strong><br \/>\nIP-telefon leverant\u00f6r: Alltele AB , Ring Kundtj\u00e4nst f\u00f6r tecknande av abbonemang. Tel: 0910-79 80 00<br \/>\nIP-telefonidosa: Tillh\u00f6r fastigheten och l\u00e4mnas d\u00e4r efter flytt.<\/p>\n<p><strong>IP-telefoni,\u00a0val:<br \/>\n<\/strong>AllTele BAS: 29 SEK\/m\u00e5n. Samtalstaxa tillkommer.<br \/>\nAllTele Dygnet Runt (Till\u00e4gg till AllTele BAS): Se deras hemsida. Mobiltaxa- och utlandssamtal kostnad tillkommer.<br \/>\nNummerpresentation: 15 SEK\/m\u00e5n<br \/>\nStartavgift: 0 SEK &#8211; Ett\u00e5rsavtal f\u00f6ruts\u00e4tts mot slutkund<br \/>\nPortering: 0 SEK &#8211; Ett\u00e5rsavtal f\u00f6ruts\u00e4tts mot slutkund<\/p>\n<p>B\u00e4sta \u00e4r att ringa Alltele och s\u00e4ga dem att man ing\u00e5r i Gl\u00f6storps samf\u00e4llighetsf\u00f6rening, f\u00f6r att f\u00e5 r\u00e4tta uppgifter f\u00f6r stunden.<\/p>\n<p>Ring kundtj\u00e4nst hos v\u00e5r IP-telefoni leverant\u00f6r s\u00e5 ordnar dom allt vad g\u00e4ller nummerportering eller om man vill ha ett helt nytt nummer. Kostnad f\u00f6r portering kan tillkomma. Ni beh\u00f6ver inte ringa Telia eller f\u00f6rvalsbolaget ni har idag.<\/p>\n<p>Vid upps\u00e4gande av telia-abbonemang s\u00e5 kopplas tillh\u00f6rande IP-telefondosa in i f\u00f6rsta jacket och befintliga telefoner kan anv\u00e4ndas.<\/p>\n<p>Felanm\u00e4lan IP-telefoni: 0910-79 80 00<\/p>\n<p>Om IP-telefon inte fungerar: Dra ut str\u00f6mkabel, v\u00e4nta 10 sekunder och koppla in igen. V\u00e4nta 5 minuter, om dosan blinkar g\u00f6r samma procedure som innan men lyft upp luren efter att du kopplat p\u00e5 str\u00f6mmen och tryck *9**3021#, l\u00e4gg p\u00e5 luren och v\u00e4nta 5 minuter. Om det blinkar \u00e5terigen kontakta IP-telefoni leverant\u00f6ren(fel anm\u00e4lan).<\/p>\n","protected":false},"excerpt":{"rendered":"<p>Bredband 190 l\u00e4genheter har nu m\u00f6jlighet att surfa p\u00e5 internet med en hastighet upp till 100Mbit\/s! N\u00e4tets topologi \u00e4r fiberkabel mellan de 12 noderna (1 nod \/ 2 turer) och d\u00e4rifr\u00e5n kopparkabel kategori 5 fram till slutanv\u00e4ndare. Uttagen har placerats intill f\u00f6rsta telejack (hallen ing\u00e5ngsplan). En s.k VRG eller IP-dosa [&hellip;]<\/p>\n","protected":false},"author":2,"featured_media":0,"parent":0,"menu_order":0,"comment_status":"closed","ping_status":"open","template":"","meta":{"footnotes":""},"class_list":["post-133","page","type-page","status-publish","hentry"],"_links":{"self":[{"href":"https:\/\/norumsgarde.com\/index.php?rest_route=\/wp\/v2\/pages\/133","targetHints":{"allow":["GET"]}}],"collection":[{"href":"https:\/\/norumsgarde.com\/index.php?rest_route=\/wp\/v2\/pages"}],"about":[{"href":"https:\/\/norumsgarde.com\/index.php?rest_route=\/wp\/v2\/types\/page"}],"author":[{"embeddable":true,"href":"https:\/\/norumsgarde.com\/index.php?rest_route=\/wp\/v2\/users\/2"}],"replies":[{"embeddable":true,"href":"https:\/\/norumsgarde.com\/index.php?rest_route=%2Fwp%2Fv2%2Fcomments&post=133"}],"version-history":[{"count":4,"href":"https:\/\/norumsgarde.com\/index.php?rest_route=\/wp\/v2\/pages\/133\/revisions"}],"predecessor-version":[{"id":563,"href":"https:\/\/norumsgarde.com\/index.php?rest_route=\/wp\/v2\/pages\/133\/revisions\/563"}],"wp:attachment":[{"href":"https:\/\/norumsgarde.com\/index.php?rest_route=%2Fwp%2Fv2%2Fmedia&parent=133"}],"curies":[{"name":"wp","href":"https:\/\/api.w.org\/{rel}","templated":true}]}}