{"id":129,"date":"2013-08-23T12:46:41","date_gmt":"2013-08-23T10:46:41","guid":{"rendered":"http:\/\/norumsgarde.com\/?page_id=129"},"modified":"2023-10-14T12:25:57","modified_gmt":"2023-10-14T10:25:57","slug":"nyttig-info","status":"publish","type":"page","link":"https:\/\/norumsgarde.com\/?page_id=129","title":{"rendered":"Nyttig info"},"content":{"rendered":"<h2><span style=\"color: #f6343e;\">Nyttig info<\/span><\/h2>\n<p><a href=\"http:\/\/norumsgarde.com\/?page_id=200\"><strong>NYINFLYTTAD<\/strong><\/a>\u00a0&#8211; H\u00e4r hittar du det grundl\u00e4ggande informationskompendiet f\u00f6r dig som nyss flyttat hit.<\/p>\n<p><a title=\"Almanacka\" href=\"http:\/\/norumsgarde.com\/?page_id=109\"><strong>ALMANACKA<\/strong> <\/a>&#8211; H\u00e4r hittar du viktiga datum att h\u00e5lla koll p\u00e5.<\/p>\n<p><a title=\"Bredband\" href=\"http:\/\/norumsgarde.com\/?page_id=133\"><strong>BREDBAND<\/strong><\/a> &#8211; Leverant\u00f6r, priser, felanm\u00e4lning, telefonnummer m.m.<\/p>\n<p><a title=\"Den egna fastigheten\" href=\"http:\/\/norumsgarde.com\/?page_id=139\"><strong>DEN EGNA FASTIGHETEN<\/strong><\/a> &#8211; Ritningar, data m.m.<\/p>\n<p><a title=\"Kostnader\/avgifter\" href=\"http:\/\/norumsgarde.com\/?page_id=151\"><strong>KOSTNADER\/AVGIFTER<\/strong><\/a> &#8211; Vattenkostnader, v\u00e4rme, eluttag i garage m.m.<\/p>\n<p><a title=\"Kontaktman\" href=\"http:\/\/norumsgarde.com\/?page_id=155\"><strong>KONTAKTM\u00c4N OCH DERAS UPPGIFTER<\/strong><\/a> &#8211; Vad har de f\u00f6r ansvar? Vem \u00e4r kontaktman m.m.<\/p>\n<p><a href=\"http:\/\/norumsgarde.com\/?page_id=160\"><strong>TIPS TILL MEDLEMMAR<\/strong> <\/a>&#8211; \u00a0Undvik vattenl\u00e4ckage, t\u00e4nd ytterbelysning m.m.<\/p>\n<p><a title=\"Omr\u00e5det\" href=\"http:\/\/norumsgarde.com\/?page_id=167\"><strong>OMR\u00c5DET<\/strong> <\/a>&#8211; Histora, omr\u00e5deskarta m.m.<\/p>\n<p><a title=\"Blanketter\" href=\"http:\/\/norumsgarde.com\/?page_id=171\"><strong>BLANKETTER<\/strong><\/a> &#8211; Blanketter f\u00f6r v\u00e5rt omr\u00e5de, Flytt, parkering f\u00f6rbjuden, endast g\u00e4ster osv.<\/p>\n<p><a title=\"Nyhetsbrev\" href=\"http:\/\/norumsgarde.com\/?page_id=113\"><strong>NYHETSBREV<\/strong><\/a>\u00a0&#8211; NG-info \u00e4r samf\u00e4llighetsf\u00f6reningens nyhetsbrev och kommer ett par g\u00e5nger om \u00e5ret till alla boende.<\/p>\n<p><a href=\"http:\/\/norumsgarde.com\/?page_id=359\"><strong>\u00c5RSM\u00d6TEN<\/strong><\/a> &#8211; Varje \u00e5r i maj h\u00e5lls f\u00f6reningens \u00e5rsm\u00f6te. H\u00e4r hittar du protokoll och info.<\/p>\n<p><a title=\"L\u00e4nkar\" href=\"http:\/\/norumsgarde.com\/?page_id=124\"><strong>L\u00c4NKAR\u00a0<\/strong><\/a>&#8211; Smarta v\u00e4gar till s\u00e5nt som kan vara bra f\u00f6r dig att k\u00e4nna till.<\/p>\n<p><strong><a title=\"BYGGLOV\" href=\"http:\/\/goteborg.se\/wps\/portal\/invanare\/bygga-o-bo\/bygga-riva-och-forandra\/vad-kraver-inte-bygglov\/!ut\/p\/b1\/04_Sj9Q1NLYwMzIyNzE20o_Qj8pLLMtMTyzJzM9LzAHxo8ziAwy9Ai2cDB0N_N0t3Qw8Q7wD3Py8fSyCjE2ACiKBCgxwAEcDQvr9PPJzU_Vzo3IsABJuDBM!\/dl4\/d5\/L2dBISEvZ0FBIS9nQSEh\/\">BYGGLOV<\/a><\/strong> &#8211; H\u00e4r kan du se vad som g\u00e4ller kring bygglov. KOLLA detta INNAN ni b\u00f6rjar bygga.<\/p>\n<p><strong>Gl\u00f6storps Samf\u00e4llighetsf\u00f6rening Bankgiro nummer:<\/strong> 342-1559<\/p>\n<p><strong>Gl\u00f6storps Samf\u00e4llighetsf\u00f6rening Org. nummer:<\/strong> 716443-8488<\/p>\n<p><strong>Adress:<br \/>\nGl\u00f6storps Samf\u00e4llighetsf\u00f6rening<br \/>\nBox 100 86<br \/>\n<\/strong><strong>400 70 G\u00f6teborg<\/strong><\/p>\n","protected":false},"excerpt":{"rendered":"<p>Nyttig info NYINFLYTTAD\u00a0&#8211; H\u00e4r hittar du det grundl\u00e4ggande informationskompendiet f\u00f6r dig som nyss flyttat hit. ALMANACKA &#8211; H\u00e4r hittar du viktiga datum att h\u00e5lla koll p\u00e5. BREDBAND &#8211; Leverant\u00f6r, priser, felanm\u00e4lning, telefonnummer m.m. DEN EGNA FASTIGHETEN &#8211; Ritningar, data m.m. KOSTNADER\/AVGIFTER &#8211; Vattenkostnader, v\u00e4rme, eluttag i garage m.m. KONTAKTM\u00c4N OCH [&hellip;]<\/p>\n","protected":false},"author":2,"featured_media":0,"parent":0,"menu_order":0,"comment_status":"closed","ping_status":"open","template":"","meta":{"footnotes":""},"class_list":["post-129","page","type-page","status-publish","hentry"],"_links":{"self":[{"href":"https:\/\/norumsgarde.com\/index.php?rest_route=\/wp\/v2\/pages\/129","targetHints":{"allow":["GET"]}}],"collection":[{"href":"https:\/\/norumsgarde.com\/index.php?rest_route=\/wp\/v2\/pages"}],"about":[{"href":"https:\/\/norumsgarde.com\/index.php?rest_route=\/wp\/v2\/types\/page"}],"author":[{"embeddable":true,"href":"https:\/\/norumsgarde.com\/index.php?rest_route=\/wp\/v2\/users\/2"}],"replies":[{"embeddable":true,"href":"https:\/\/norumsgarde.com\/index.php?rest_route=%2Fwp%2Fv2%2Fcomments&post=129"}],"version-history":[{"count":15,"href":"https:\/\/norumsgarde.com\/index.php?rest_route=\/wp\/v2\/pages\/129\/revisions"}],"predecessor-version":[{"id":578,"href":"https:\/\/norumsgarde.com\/index.php?rest_route=\/wp\/v2\/pages\/129\/revisions\/578"}],"wp:attachment":[{"href":"https:\/\/norumsgarde.com\/index.php?rest_route=%2Fwp%2Fv2%2Fmedia&parent=129"}],"curies":[{"name":"wp","href":"https:\/\/api.w.org\/{rel}","templated":true}]}}