{"id":139,"date":"2013-08-23T14:31:47","date_gmt":"2013-08-23T12:31:47","guid":{"rendered":"http:\/\/norumsgarde.com\/?page_id=139"},"modified":"2026-03-29T15:33:28","modified_gmt":"2026-03-29T13:33:28","slug":"den-egna-fastigheten","status":"publish","type":"page","link":"http:\/\/norumsgarde.com\/?page_id=139","title":{"rendered":"Den egna fastigheten"},"content":{"rendered":"<h2><span style=\"color: #f6343e;\">Den egna fastigheten<\/span><\/h2>\n<p>Byggnads\u00e5r &#8211; 1968<br \/>\nBostadsyta &#8211; 108m2<br \/>\nBiyta &#8211; 54m2<br \/>\nTomtarea &#8211; 160m2<br \/>\nBostadsyta gavel &#8211;<br \/>\nBiyta gavel &#8211;<br \/>\nTomtarea gavel &#8211;<\/p>\n<p>De f\u00e4rgkoder som g\u00e4ller f\u00f6r omr\u00e5det \u00e4r:<\/p>\n<p>GUL:<br \/>\nBY98 Nordsj\u00f6, Herrg\u00e5rdsgul (gammal beteckning som funkar p\u00e5 vissa st\u00e4llen)\u00a0 Men motsvarande ny beteckning \u00e4r denna:<br \/>\n<span>NCS: 2242-Y19R<\/span><\/p>\n<p>R\u00d6D:<br \/>\nDemidekk Ultimate t\u00e4ckf\u00e4rg<br \/>\nKul\u00f6rnamn: DALAR\u00d6D<br \/>\nKul\u00f6rkod: 0025 \/ 5038-Y83R<\/p>\n<p>GR\u00d6N:<br \/>\nBY78 Nordsj\u00f6, V\u00e4sterviksgr\u00f6n<\/p>\n<p>Att \u00e4ndra f\u00e4rg p\u00e5 fastigheten kr\u00e4ver bygglov och d\u00e5 utg\u00e5r man efter att det inte bryter mot omr\u00e5dets karakt\u00e4r.<\/p>\n<h3>Plan av \u00f6vre v\u00e5ning:<\/h3>\n<p>[\/av_textblock]<br \/>\n[\/av_one_fifth]<\/p>\n<p>[av_one_fifth]<br \/>\n[av_textblock ]<\/p>\n<h3>Plan av bottenv\u00e5ning:<\/h3>\n<p>[\/av_textblock]<br \/>\n[\/av_one_fifth]<\/p>\n<p>[av_one_fifth]<br \/>\n[av_textblock ]<\/p>\n<h3>Plan av k\u00e4llarv\u00e5ning:<\/h3>\n<p>[\/av_textblock]<br \/>\n[\/av_one_fifth]<\/p>\n<p>[av_one_fifth]<br \/>\n[av_textblock ]<\/p>\n<h3>Sektion:<\/h3>\n<p>[\/av_textblock]<br \/>\n[\/av_one_fifth]<\/p>\n<p>[av_one_fifth]<br \/>\n[av_textblock ]<\/p>\n<h3>Alla ritningar i en enda pdf fil:<\/h3>\n<p><a href=\"http:\/\/norumsgarde.com\/wp-content\/uploads\/2013\/08\/plan_overvaning-272x300.jpg\">http:\/\/norumsgarde.com\/wp-content\/uploads\/2013\/08\/plan_overvaning-272&#215;300.jpg<\/a><\/p>\n<p><a href=\"http:\/\/norumsgarde.com\/wp-content\/uploads\/2013\/08\/plan_bottenvaning-265x300.jpg\">http:\/\/norumsgarde.com\/wp-content\/uploads\/2013\/08\/plan_bottenvaning-265&#215;300.jpg<\/a><\/p>\n<p><a href=\"http:\/\/norumsgarde.com\/wp-content\/uploads\/2013\/08\/plan_kallarvaning-300x243.jpg\">http:\/\/norumsgarde.com\/wp-content\/uploads\/2013\/08\/plan_kallarvaning-300&#215;243.jpg<\/a><\/p>\n<p><a href=\"http:\/\/norumsgarde.com\/wp-content\/uploads\/2013\/08\/sektion-300x237.jpg\">http:\/\/norumsgarde.com\/wp-content\/uploads\/2013\/08\/sektion-300&#215;237.jpg<\/a><\/p>\n<p><a href=\"http:\/\/norumsgarde.com\/wp-content\/uploads\/2013\/08\/sektion.jpg\">http:\/\/norumsgarde.com\/wp-content\/uploads\/2013\/08\/sektion.jpg<\/a><\/p>\n<p><a href=\"http:\/\/norumsgarde.com\/wp-content\/uploads\/2013\/08\/stadgar2-300x300.jpg\">http:\/\/norumsgarde.com\/wp-content\/uploads\/2013\/08\/stadgar2-300&#215;300.jpg<\/a><\/p>\n<p><a href=\"http:\/\/norumsgarde.com\/wp-content\/uploads\/2013\/08\/Ritningar.pdf\">http:\/\/norumsgarde.com\/wp-content\/uploads\/2013\/08\/Ritningar.pdf<\/a><\/p>\n","protected":false},"excerpt":{"rendered":"<p>Den egna fastigheten Byggnads\u00e5r &#8211; 1968 Bostadsyta &#8211; 108m2 Biyta &#8211; 54m2 Tomtarea &#8211; 160m2 Bostadsyta gavel &#8211; Biyta gavel &#8211; Tomtarea gavel &#8211; De f\u00e4rgkoder som g\u00e4ller f\u00f6r omr\u00e5det \u00e4r: GUL: BY98 Nordsj\u00f6, Herrg\u00e5rdsgul (gammal beteckning som funkar p\u00e5 vissa st\u00e4llen)\u00a0 Men motsvarande ny beteckning \u00e4r denna: NCS: 2242-Y19R [&hellip;]<\/p>\n","protected":false},"author":2,"featured_media":0,"parent":0,"menu_order":0,"comment_status":"closed","ping_status":"open","template":"","meta":{"footnotes":""},"class_list":["post-139","page","type-page","status-publish","hentry"],"_links":{"self":[{"href":"http:\/\/norumsgarde.com\/index.php?rest_route=\/wp\/v2\/pages\/139","targetHints":{"allow":["GET"]}}],"collection":[{"href":"http:\/\/norumsgarde.com\/index.php?rest_route=\/wp\/v2\/pages"}],"about":[{"href":"http:\/\/norumsgarde.com\/index.php?rest_route=\/wp\/v2\/types\/page"}],"author":[{"embeddable":true,"href":"http:\/\/norumsgarde.com\/index.php?rest_route=\/wp\/v2\/users\/2"}],"replies":[{"embeddable":true,"href":"http:\/\/norumsgarde.com\/index.php?rest_route=%2Fwp%2Fv2%2Fcomments&post=139"}],"version-history":[{"count":9,"href":"http:\/\/norumsgarde.com\/index.php?rest_route=\/wp\/v2\/pages\/139\/revisions"}],"predecessor-version":[{"id":620,"href":"http:\/\/norumsgarde.com\/index.php?rest_route=\/wp\/v2\/pages\/139\/revisions\/620"}],"wp:attachment":[{"href":"http:\/\/norumsgarde.com\/index.php?rest_route=%2Fwp%2Fv2%2Fmedia&parent=139"}],"curies":[{"name":"wp","href":"https:\/\/api.w.org\/{rel}","templated":true}]}}